 the prime factors of k(1).
2
What are the prime factors of ((-26)/(-4) + -1)*6?
3, 11
Suppose 7 = -2*t + 59. List the prime factors of t.
2, 13
Let g(y) = 7*y - 10. Let x be 20/4 - (-1)/(-1). What are the prime factors of g(x)?
2, 3
Let d(w) be the third derivative of -w**6/120 - w**5/15 + w**4/24 - 5*w**3/6 - 2*w**2. List the prime factors of d(-5).
3, 5
Let n be (-3 + (-20)/(-6))*12. Suppose -3*f = w + 9, -3*f + 4*f + 16 = n*w. List the prime factors of w.
3
Suppose -6 = 2*c + 5*t, -5*c + 4*t - 16 = -1. Let p(q) = 3*q**2 + 3*q - 3. What are the prime factors of p(c)?
3, 5
Suppose -5*c - 2*d = -21, 0 = -5*c + 2*d - d + 12. Suppose -2*w + 12 = v, -5*w = c*v + 2*v - 40. What are the prime factors of w?
2
Let d = 6 - 21. Let u be d/6*(-18)/(-15). Let r = 13 - u. List the prime factors of r.
2
Let o(k) = -k**3 - 1 + 0*k**2 - 5*k + 5*k - k**2. Let q be o(-2). Suppose r = q*r - 18. What are the prime factors of r?
3
Suppose 4*m = 308 + 172. What are the prime factors of m?
2, 3, 5
Let q = 35 - -14. List the prime factors of q.
7
Suppose j = -5*h + 5*j + 75, -j = -h + 15. Suppose -7 = -d + h. Suppose 4*f - 3*u - d = 0, -4*u + 3*u + 18 = 5*f. What are the prime factors of f?
2
Let t(k) = k**2 - 10. List the prime factors of t(-14).
2, 3, 31
Let m = -5 + 7. Let y = -3 + m. What are the prime factors of (1 + -12)*y + 2?
13
Let f = -111 - -156. List the prime factors of f.
3, 5
Let f(z) = 2*z**2 - 9*z + 6. Let r be f(6). Suppose 3*u - 11 = 2*k, 2*u + k = -k + r. Let y = u - 5. List the prime factors of y.
2
Suppose -m = -6*m + 140. Suppose -4*v - 8 = -m. What are the prime factors of v?
5
Let c = 7 - -5. List the prime factors of (68/c)/((-1)/(-3)).
17
Let f = -28 - -19. Let l be 148/18 - (-2)/f. Suppose -4*v = -0*v - l. List the prime factors of v.
2
Suppose 5*j = 2*j. Suppose -4*z + 4*p = -5 - 27, j = 4*z + p - 47. Suppose z + 33 = 4*n. What are the prime factors of n?
11
Suppose -13 + 3 = -2*x. Suppose -17 - 3 = -x*r. Suppose r*t - 7 = 9. What are the prime factors of t?
2
Let o = -79 + 165. What are the prime factors of o?
2, 43
Let n(k) = k**2 + 2*k - 4. What are the prime factors of n(5)?
31
Suppose 7*t - 5 = -3*j + 2*t, -5*j + 5*t = -35. What are the prime factors of j?
5
Let m(j) = -j + 3. Let n be m(3). Let l be (n - 0)*3/(-6). Suppose -3*u = 2*g - 2 - 12, l = 5*g + 3*u - 35. List the prime factors of g.
7
Let x(u) = -5*u**2 - 2*u - 2. Let i be x(-2). Let v = i + 47. List the prime factors of v.
29
Let m be -4*(12/8 + -2). Let t(x) = -2*x**3 - 3*x**2. Let y be t(-2). Suppose -m = -2*q + y. What are the prime factors of q?
3
Let c be -9*(10/(-6) + 2). Let t(z) = -z**2 - z - 4. Let b be t(c). Let n(x) = x**2 + 9*x - 2. List the prime factors of n(b).
2
Let r = -17 - -52. What are the prime factors of r?
5, 7
Let y(k) be the third derivative of k**4/24 - 7*k**3/6 + 4*k**2. Let h be y(7). Suppose h = 5*w - 24 - 46. List the prime factors of w.
2, 7
Suppose 0 = 2*z - 4, 0 = 2*v - 0*v + 3*z - 90. List the prime factors of v.
2, 3, 7
Suppose -5*n = 2*a - 30, 9 + 23 = 3*n + 4*a. Let v = 27 - 15. Suppose -r = -n*r + v. List the prime factors of r.
2
Let b(l) = 4*l**2 - 5*l + 21. What are the prime factors of b(5)?
2, 3
Suppose -4*p = 4*v - 4 - 4, 5*v - 6 = -4*p. List the prime factors of (-84)/(-2) - (p - 1).
3, 13
Let a = 166 - -97. List the prime factors of a.
263
Suppose -13*a = -11*a - 72. Suppose -2*w - 16 = 4*d, 6*d + 20 = -w + d. Suppose w = -3*y + 5*v + 28, -y - 2*y - 3*v = -a. List the prime factors of y.
11
Suppose -25 = -5*t, g + 5*t + 128 = 4*g. What are the prime factors of g?
3, 17
Let u = 7 - -14. What are the prime factors of u?
3, 7
Suppose 106 + 44 = -5*b. Let g be b/(1 + -3 + 3). Let m = g - -46. List the prime factors of m.
2
Suppose 5*z = 133 - 13. List the prime factors of z.
2, 3
Let c(a) = a**3 + 8*a**2 - 4*a - 9. Let v be c(-8). Let o = v - 3. List the prime factors of o.
2, 5
Let f = -1 + -1. Let b be f/(-8) - 62/(-8). Suppose b = g - 1. What are the prime factors of g?
3
What are the prime factors of (8/(-4))/((-4)/122)?
61
Let s = -21 - -53. Let w = s + -2. What are the prime factors of w?
2, 3, 5
Let m(t) = -6*t - 4. Let p be m(-3). Suppose -4*i - 26 = p. Let d = 0 - i. List the prime factors of d.
2, 5
Suppose d = -3*h + 11, -4 = -4*h - 0*h - 4*d. Suppose 4*q + h*a = 202, -6*a = q - 3*a - 47. What are the prime factors of q?
53
Suppose 4*m + 128 = 5*j - j, 2*m - 181 = -5*j. List the prime factors of (-4)/10 + 1064/j.
2, 3, 5
Let f = -14 - -16. Suppose -5*b + 72 = -f*b. List the prime factors of b.
2, 3
What are the prime factors of 14/(((-21)/(-6))/7)?
2, 7
Suppose -33 = -5*o - 13. Suppose 4*v + v - 34 = -3*b, -5*b + 35 = o*v. What are the prime factors of v?
5
Suppose -b + 19 + 24 = 0. List the prime factors of b.
43
Let w = 7 + -4. Let l = 8 - w. Suppose 0*k = l*y - 3*k - 43, -4*y - 2*k = -52. What are the prime factors of y?
11
Let v = 0 + 2. Suppose 5*i - 9 = -3*j + 43, -j - v*i = -19. What are the prime factors of j?
3
Let x = 28 - 5. Let a = -13 + x. Let p = 20 - a. What are the prime factors of p?
2, 5
Suppose -4*g + 196 + 148 = 0. What are the prime factors of g?
2, 43
Let p = 91 - 31. List the prime factors of p.
2, 3, 5
Suppose -4*w + 36 = m, 4*m - w - 26 = 3*m. List the prime factors of m.
2, 7
Suppose 2*x - 32 = 2*t, -4*x = -t - 5 - 68. Let z = x - 5. What are the prime factors of z?
2, 7
Suppose 2*w - 20 = w. Let o be 1*-4 + -11 + 8. Let s = w + o. List the prime factors of s.
13
Suppose 2*h + 3*u - 9 = 5*h, -9 = 3*h - 2*u. List the prime factors of 2 + 0 - 0 - h.
5
Let f = 134 + -13. List the prime factors of f.
11
Suppose -o + 2*o = -6. What are the prime factors of (-16)/o + (-8)/12?
2
Let s = 98 + 28. What are the prime factors of s?
2, 3, 7
Let x = 145 + -69. What are the prime factors of x?
2, 19
Let q be 5 + (-2 - -1 - -1). Let f = q - 3. List the prime factors of f.
2
Let f be 4 - 1 - (-10 - -7). Let z = 0 + f. List the prime factors of z.
2, 3
Let o = -2 - -4. Suppose -t = c - 2, 4*c - o*c = -4*t + 10. Suppose -7 = -4*d + t*y + 10, -y = 3. List the prime factors of d.
2
Suppose -k - 3*a = -71, 4*a + 226 = 4*k - k. List the prime factors of k.
2, 37
Let v(h) = 1 + 4*h - h + 0 + h. Let w be v(-1). What are the prime factors of 10*(18/4 + w)?
3, 5
Let v be (162/(-24))/((-1)/(-4)). Let g = -16 - v. What are the prime factors of g?
11
Let n(f) = -6*f**2 - 13*f + 3. Let o(u) = 5*u**2 + 12*u - 3. Let v(l) = 6*n(l) + 7*o(l). Let k be (-26)/(-7) - 2/(-7). List the prime factors of v(k).
5
Suppose 2*x - 3 - 1 = 0. Let a be 66*x/4 - 3. Suppose 5*z = -m + 54 - 22, 3*z - 3*m = a. List the prime factors of z.
7
Let i(p) = p + 4. Let t be i(6). Suppose 2*s = t, y + 3*s = -3*y + 59. What are the prime factors of y?
11
Suppose -4*v + 15 = 3. Suppose 19 = 5*o + v*m - 26, 4 = 2*o + 4*m. What are the prime factors of o?
2, 3
Let h be ((-4)/2 - -4)/1. Let v(t) = 2*t**2 - 2*t - 2. Let j be v(h). Suppose j*u = r + 19, 8*u - r - 49 = 3*u. List the prime factors of u.
2, 5
Suppose 4*h - 6*v = -2*v - 4, -5*h + 25 = v. List the prime factors of h.
2
Suppose -3*x + 4*x = 2. Suppose -35 = -k - x*j, -7*k + 3*k - 4*j = -148. What are the prime factors of k?
3, 13
Let f be ((-10)/20)/((-1)/2). Let u(i) = 5*i**3 + i - 1. List the prime factors of u(f).
5
Suppose 0 = 5*b - 2*q + 65 - 189, -118 = -5*b - q. List the prime factors of b.
2, 3
Let k = 0 - -3. Suppose -k = -5*n + 4*x + 16, 5*n - 16 = x. List the prime factors of n.
3
Let o(w) = 0 + 1 + 3*w - 3. List the prime factors of o(15).
43
What are the prime factors of 3/12 + (-10)/8 + 3?
2
Let x = 59 - 33. Let d = x + -17. What are the prime factors of d?
3
Suppose -5*c - 20 - 13 = -2*d, 3*c - 27 = -4*d. List the prime factors of (0 + (-39)/d)*-3.
13
Let n(q) = -18*q + 1. What are the prime factors of n(-3)?
5, 11
Let t(y) = 6*y**2 + 3*y + 1. List the prime factors of t(-3).
2, 23
Suppose 4*t + 5*k = 36 - 9, -5*t + 30 = 5*k. List the prime factors of (1 - -10) + t/3.
2, 3
Suppose 0*n - n + 21 = 0. Let l(t) = -8*t**3 - 2*t**2 + 3*t - 3. Let w be l(2). List the prime factors of w/(-21) + (-6)/n.
3
Let t(f) = -13*f. Let j be t(-1). Let y = 25 - j. List the prime factors of y.
2, 3
Let c(a) = -a + 1. Let j(u) = -8*u - 3. Let v(x) = 4*c(x) + 2*j(x). List the prime factors of v(-3).
